{"id":1220,"date":"2024-09-27T16:59:18","date_gmt":"2024-09-27T14:59:18","guid":{"rendered":"https:\/\/kultkalm.de\/?page_id=1220"},"modified":"2024-09-27T17:22:54","modified_gmt":"2024-09-27T15:22:54","slug":"post_registration_message","status":"publish","type":"page","link":"https:\/\/kultkalm.de\/index.php\/post_registration_message\/","title":{"rendered":"Post Registration Message"},"content":{"rendered":"\n<div class=\"wp-block-group has-global-padding is-content-justification-center is-layout-constrained wp-container-core-group-is-layout-4acca37b wp-block-group-is-layout-constrained\">\n<p class=\"has-text-align-left wp-block-paragraph\">Vielen Dank f\u00fcr die Beantragung eines Veranstalter-Accounts f\u00fcr KULTKALM, dem unabh\u00e4ngigen Kulturkalender f\u00fcr M\u00fcnster und Umgebung. <br><br>Wir \u00fcberpr\u00fcfen Deine Angaben und haben zur Best\u00e4tigung dieses Vorgangs eine E-Mail an die bei der Registrierung angegebene E-Mail-Adresse gesendet. <br><br>Falls keine E-Mail ankommt, bitte im Spamordner nachsehen oder vorsorglich unsere Absenderadresse<br><br>bureau@kultkalm.de <br><br>im Spamfilter freischalten.<\/p>\n<\/div>\n\n\n\n<p class=\"wp-block-paragraph\"><\/p>\n","protected":false},"excerpt":{"rendered":"<p>Vielen Dank f\u00fcr die Beantragung eines Veranstalter-Accounts f\u00fcr KULTKALM, dem unabh\u00e4ngigen Kulturkalender f\u00fcr M\u00fcnster und Umgebung. Wir \u00fcberpr\u00fcfen Deine Angaben und haben zur Best\u00e4tigung dieses Vorgangs eine E-Mail an die bei der Registrierung angegebene E-Mail-Adresse gesendet. Falls keine E-Mail ankommt, bitte im Spamordner nachsehen oder vorsorglich unsere Absenderadresse bureau@kultkalm.de im Spamfilter freischalten.<\/p>\n","protected":false},"author":2,"featured_media":0,"parent":0,"menu_order":0,"comment_status":"closed","ping_status":"closed","template":"","meta":{"footnotes":""},"class_list":["post-1220","page","type-page","status-publish","hentry"],"_links":{"self":[{"href":"https:\/\/kultkalm.de\/index.php\/wp-json\/wp\/v2\/pages\/1220","targetHints":{"allow":["GET"]}}],"collection":[{"href":"https:\/\/kultkalm.de\/index.php\/wp-json\/wp\/v2\/pages"}],"about":[{"href":"https:\/\/kultkalm.de\/index.php\/wp-json\/wp\/v2\/types\/page"}],"author":[{"embeddable":true,"href":"https:\/\/kultkalm.de\/index.php\/wp-json\/wp\/v2\/users\/2"}],"replies":[{"embeddable":true,"href":"https:\/\/kultkalm.de\/index.php\/wp-json\/wp\/v2\/comments?post=1220"}],"version-history":[{"count":6,"href":"https:\/\/kultkalm.de\/index.php\/wp-json\/wp\/v2\/pages\/1220\/revisions"}],"predecessor-version":[{"id":1232,"href":"https:\/\/kultkalm.de\/index.php\/wp-json\/wp\/v2\/pages\/1220\/revisions\/1232"}],"wp:attachment":[{"href":"https:\/\/kultkalm.de\/index.php\/wp-json\/wp\/v2\/media?parent=1220"}],"curies":[{"name":"wp","href":"https:\/\/api.w.org\/{rel}","templated":true}]}}

<div class="wp-block-group has-global-padding is-content-justification-center is-layout-constrained wp-container-core-group-is-layout-4acca37b wp-block-group-is-layout-constrained">
<p class="has-text-align-left wp-block-paragraph">Vielen Dank für die Beantragung eines Veranstalter-Accounts für KULTKALM, dem unabhängigen Kulturkalender für Münster und Umgebung. <br><br>Wir überprüfen Deine Angaben und haben zur Bestätigung dieses Vorgangs eine E-Mail an die bei der Registrierung angegebene E-Mail-Adresse gesendet. <br><br>Falls keine E-Mail ankommt, bitte im Spamordner nachsehen oder vorsorglich unsere Absenderadresse<br><br>bureau@kultkalm.de <br><br>im Spamfilter freischalten.</p>
</div>



<p class="wp-block-paragraph"></p>

<p>Vielen Dank für die Beantragung eines Veranstalter-Accounts für KULTKALM, dem unabhängigen Kulturkalender für Münster und Umgebung. Wir überprüfen Deine Angaben und haben zur Bestätigung dieses Vorgangs eine E-Mail an die bei der Registrierung angegebene E-Mail-Adresse gesendet. Falls keine E-Mail ankommt, bitte im Spamordner nachsehen oder vorsorglich unsere Absenderadresse bureau@kultkalm.de im Spamfilter freischalten.</p>
